on factor of q and 128.
128
Let h = -29 + 34. Suppose m - h = -y, 3*m - 10 = 5*y + m. Suppose y = 9*n - n - 264. What is the greatest common divisor of n and 22?
11
Let y(h) = 451*h**2 - 53*h + 292. Let d be y(4). Calculate the highest common factor of d and 384.
384
Let p = 382 + -565. Let b = 324 + p. Calculate the greatest common factor of b and 188.
47
Let p be (-2)/15 + ((-38990)/75)/(-14). Let k = p + 23. What is the greatest common divisor of k and 15?
15
Suppose 0 = 5*f - 2 - 13. Suppose -5*z - 4*z = 0. Suppose z = -t - f*t + 288. What is the greatest common divisor of 8 and t?
8
Let f(o) = -262*o**2 + 9*o - 7. Let d(y) = -264*y**2 + 8*y - 6. Let l(m) = -5*d(m) + 4*f(m). Let k be l(1). What is the highest common divisor of 54 and k?
54
Let o be (-8)/12 + 2300/30 + -8. Calculate the highest common divisor of 172 and o.
4
Let y = 1866 - 1861. Suppose 147 = 5*k - 2*o + 16, 40 = k - y*o. Suppose 494 = -5*s + 1369. Calculate the highest common divisor of k and s.
25
Let v be (-20 + 18)/((-2)/168). Suppose 574*z - 252 = 568*z. Calculate the highest common divisor of v and z.
42
Let y(d) = -3*d**2 - 237*d - 450. Let j be y(-77). What is the greatest common factor of 4812 and j?
12
Let o = -5513 - -5769. What is the highest common factor of o and 400?
16
Suppose 45 = 6*p + 45. Suppose 4*h - 86 + 26 = p. Suppose 0*n + 3*n - 360 = 0. Calculate the highest common factor of h and n.
15
Let u = -341 - -349. Let p(f) = 8*f - 49. Let d be p(u). What is the greatest common factor of 5 and d?
5
Let s = -6537 - -11165. What is the highest common divisor of s and 178?
178
Let p(f) = 15*f - 88. Let c(k) = -32*k + 175. Let w(d) = -6*c(d) - 13*p(d). Let h be w(9). What is the greatest common factor of 268 and h?
67
Let r(a) = -a**2 + 3*a + 7. Let m be r(4). Suppose -2*k + 38 = -i, 5*i = -2*k + m*k - 1. Let p = 71 - k. Calculate the highest common divisor of p and 20.
10
Suppose -25*o - 682 = -29*o + 2*s, -5*o + 4*s + 848 = 0. Suppose 2*u = -5*x + o, -x = 3*u - 20 - 4. What is the greatest common divisor of x and 168?
12
Let b be (1 + 4/(-6))/(4*5/3000). What is the highest common divisor of 10050 and b?
50
Let i(w) = 13*w**2 - 2*w - 8. Let q be i(5). Let u = -295 + q. Suppose -4*z + 96 = m, z - 2*z + 24 = -4*m. What is the greatest common factor of z and u?
12
Let a = 951 - 167. Calculate the greatest common factor of 16 and a.
16
Let x = 13 - 7. Suppose 0 = -6*v - 722 + 140. Let o = v + 106. Calculate the greatest common divisor of x and o.
3
Suppose -2*o = -13*o + 11. Suppose -7*a + o = 29. Let f be 348 - (16/a + 0). What is the greatest common divisor of 32 and f?
32
Let d be 11795/28 - 2 - 10*2/16. What is the highest common factor of 1826 and d?
22
Let k(o) = 4 + 26*o - o**3 - 8*o - 18 + 3*o**2. Let w be k(5). Let v be 1428/5 + 4/10. Calculate the greatest common divisor of w and v.
26
Suppose 0 = 3*o - 5*o + 46. Let d = 27 - o. Suppose d*i + 7 - 23 = 0. Calculate the greatest common divisor of i and 16.
4
Suppose 62*y - 2280 = -58*y. Calculate the highest common factor of y and 817.
19
Let r(d) = 26 + 0*d + 3 - 4 + d. Let t be r(-1). What is the greatest common divisor of t and 9?
3
Let l = 10139 - 10031. What is the highest common divisor of 31644 and l?
108
Let c = 457 - 2. Suppose -3*r = -2*r + c. Let b = r + 695. What is the greatest common divisor of 24 and b?
24
Let c be -5*(0 + (-1 - 48)). Let m(a) = 35*a**2 + 10*a + 7. Let w be m(0). Calculate the highest common factor of c and w.
7
Let v(z) = z - 2. Let y be v(-4). Let h be -5*(-4)/15*y. Let x = h - -74. Calculate the greatest common divisor of 44 and x.
22
Suppose -4163*f - 270 = -4253*f. Suppose -2*k + 18 = k. Let g = -3 + k. What is the greatest common factor of g and f?
3
Suppose -2*v - 44 + 230 = 3*z, 8*v = 3*z + 864. Calculate the greatest common factor of 1533 and v.
21
Let o be 6/(-8)*(-504)/3. Let k(r) = -3*r - 21. Suppose -3*f - 2*u - u - 48 = 0, -f + 2*u - 7 = 0. Let l be k(f). What is the greatest common factor of l and o?
18
Suppose 0 = -114*d + 118*d - 20. Let r be (24/(-132))/((-2)/22). What is the greatest common factor of d and r?
1
Let u be 454 - 435 - 10*1. What is the greatest common factor of 14967 and u?
9
Suppose -65 = -5*l - 15. Let i(f) = -7*f + 50. Let t be 6 + 1 + 118/(-59). Let j be i(t). What is the greatest common divisor of j and l?
5
Let t be 4*(-1744)/(-64) + 3. Calculate the greatest common divisor of t and 105.
7
Let t be 4/(-18) + (-122)/18 - 3. Let i(a) = -a**3 - 11*a**2 - 33*a + 22. Let m be i(t). Calculate the highest common factor of 28 and m.
28
Let s be (-1)/(-4) - 3084/(-16). Let g = s + -127. What is the highest common factor of g and 22?
22
Suppose 3*x - 12 = 0, 4*o + 0*o = -x - 1076. Let b = o - -296. Calculate the greatest common factor of 2 and b.
2
Suppose -2*p - 3*p = 2*u + u - 1190, 0 = -4*u. Calculate the greatest common divisor of 68 and p.
34
Let f(g) = -5*g - 68. Let m be f(-15). Suppose 6*j - 3*j = 273. What is the greatest common factor of m and j?
7
Let b(o) = 2*o + 34. Let p be b(-13). Suppose -2*f + 16 - p = 0. Let x be (-637)/(-52) - (-3)/f. What is the greatest common factor of x and 13?
13
Suppose 5*p + 2*q - 1025 + 39 = 0, -3*p - 3*q = -597. What is the greatest common factor of p and 378?
14
Let r be 118/(-3)*-4*12/32. Let c = r + -51. Let n(k) = 3*k - 47. Let p be n(16). What is the greatest common divisor of p and c?
1
Let y be (10 + 224/(-24))/((-4)/(-30)). Suppose 3*u - 296 = -t, -y*u - t = -3*u - 196. Calculate the highest common divisor of u and 20.
20
Suppose -84 = m + l + 20, -2*m - 5*l - 199 = 0. Let b = m - -217. What is the highest common divisor of 440 and b?
110
Suppose -24*d + 4*d - 560 = 0. Let j be 41/4 - (-7)/d. Calculate the greatest common divisor of 125 and j.
5
Let a = -1 - 67. Let v = 65 + a. Let b(d) = -d**3 + 3*d**2 + 6. Let p be b(v). What is the highest common factor of p and 40?
20
Let s be 3520/(-12) + (-75)/45. Let m = -245 - s. Calculate the highest common factor of m and 800.
50
Suppose -51*w + 41918 = -11*w + 27158. What is the greatest common divisor of w and 205?
41
Let c(k) = 913*k - 2728. Let v be c(3). Calculate the greatest common factor of v and 1067.
11
Let o = 132 - 46. Let h = o + -84. What is the highest common factor of h and 13?
1
Let z(y) = 8*y + 1625. Let a be z(-45). Calculate the greatest common divisor of a and 44.
11
Let y be (3 + -2 + -82)/(9/6). Let o be (1 - y)/(3 - 2) + -2. Suppose 2*r - 63 = -o. What is the greatest common factor of r and 40?
5
Let p = 29 - 22. Let o be p/1 + -3 + -2. Let v = 16 + o. Calculate the greatest common factor of 144 and v.
18
Let j be 0/((-2)/(-2)*-3). Suppose 4*t = 3*g + t - 60, j = -5*t + 5. Calculate the highest common factor of 14 and g.
7
Suppose -n - 8 = -0. Let k be -10*(-4)/(n/7). Let r = 53 - k. Calculate the highest common divisor of r and 8.
8
Let f be (-5)/(-15) + 9061/123. What is the highest common divisor of f and 2257?
37
Suppose -4*m + 231 + 501 = 0. Let l(j) = j**2 + j + 31. Let b be l(5). What is the highest common divisor of b and m?
61
Suppose 0 = -3*h + r + 604, -2*r - 3*r - 20 = 0. Suppose 4*c = 12*c - h. Let m = 17 - -33. What is the highest common divisor of m and c?
25
Suppose -11*y + 26 = 4. Suppose y*g - 5*h - 358 = 0, 0 = 4*g + 4*h - 1182 + 438. Let b be (-7)/(-21) + 136/6. What is the greatest common divisor of g and b?
23
Let r(q) be the third derivative of -q**4/6 - 9*q**3/2 + 33*q**2. Let u be r(-7). What is the highest common factor of u and 11?
1
Suppose y = 5*v + 38, 3*y + 3*v = 4*y - 40. Let k = y + -18. Let z(j) = j + 30. Let w be z(-5). What is the greatest common divisor of k and w?
25
Let o(z) = z**3 + 37*z**2 + 11*z - 181. Let f be o(-37). Let l = f + 592. What is the greatest common divisor of 196 and l?
4
Suppose 582 = 2*u - 5*c, -863 = 48*u - 51*u + 5*c. Calculate the highest common divisor of 5 and u.
1
Suppose -99*b + 126 = -78*b. Let w be 14 - (9 - b - -3). Let y = 41 - 25. Calculate the greatest common factor of w and y.
8
Let c(k) be the first derivative of -21*k**2/2 - 79*k - 32. Let j be c(-9). Calculate the highest common factor of 22 and j.
22
Suppose -173*v + 51094 + 5131 = 0. Let s(p) = p**2 + 14. Let r be s(6). What is the greatest common divisor of v and r?
25
Let z(y) = 108*y - 148. 